9*b - 2. What is k(5)?
40
Let v(r) be the third derivative of -1/6*r**3 + r**2 - 22*r + 0 - 7/8*r**4. Calculate v(-1).
20
Let n(m) be the second derivative of -m**3/6 + 2*m**2 - 12*m - 5. What is n(-8)?
12
Let x(q) = q**3 + 6*q**2 - 4*q - 7. Let d = -100 + 100. Let u = d - 6. Determine x(u).
17
Suppose 0 = -2*g + 5*s - 21, 1 = 5*g - s - 4. Let i(h) be the second derivative of h**4/12 + h**3/6 - h**2/2 - 93*h. What is i(g)?
5
Let j(k) = k**3 + 4*k**2 - 4*k + 7. Suppose 5*p - 3*r = 2*r - 45, 2*p + 2 = -2*r. What is j(p)?
2
Let d(n) be the third derivative of -n**5/20 - n**4/12 + n**3/6 + 111*n**2. What is d(-3)?
-20
Suppose 5*i = y - 16 + 15, -2*i = 3*y + 14. Let n(t) = 4*t + 26*t - 11 - 10*t. Let u(z) = 7*z - 4. Let p(q) = -3*n(q) + 8*u(q). What is p(i)?
5
Let x = -1 + 1. Let l = 0 + 2. Let k(r) = -r**l - r + 831 - 833 + r**2 - r**3. Calculate k(x).
-2
Let z(c) = -c**3 + 19*c**2 + 6*c - 4. Let d(b) = 2*b**2 + b - 2. Let y(n) = 6*d(n) - z(n). Let m(o) = o**3 + 9*o**2 + 6*o - 9. Let t be m(-8). Determine y(t).
-8
Let a(q) be the first derivative of -1/2*q**2 + 7*q + 4. Let z be a(10). Let w(j) = -j**2 - 3*j - 2. Calculate w(z).
-2
Let h(o) = -o**2 + o. Let v(u) = u**2 + 1. Let q(p) = 5*p**2 - 4*p - 4. Let f(a) = -q(a) + 6*v(a). Let w(s) = f(s) + 2*h(s). What is w(7)?
3
Let y(k) = 3. Let i(o) = 14*o - 8. Let g(f) = -i(f) - 3*y(f). What is g(1)?
-15
Let p(n) = -n**2 + 12*n - 30. Let d be p(9). Let j(v) = 5*v**2 + 8*v + 3. Let a(z) = -z**2 - z. Let c(f) = -4*a(f) - j(f). Give c(d).
0
Let z(u) = u**3 + 7*u**2 - 11*u + 69. Let o be z(-9). Let p(h) = -6*h + 37. Determine p(o).
1
Let b(s) = s**3 + 2*s**2 + s - 6. Let d(o) = o**3 + o**2 - 5. Let a(x) = -3*b(x) + 4*d(x). Let w(c) = -c**3 + c**2 + 5*c + 6. Let l be w(3). Give a(l).
-2
Let o(m) = -2*m**3 - 7*m**2 + 13*m. Let c(r) = -r**3 - 4*r**2 + 7*r. Suppose 0 = -6*y + 34 + 32. Let d(b) = y*c(b) - 6*o(b). Determine d(2).
-2
Let h = 81 + -80. Suppose -h = -7*o + 76. Let t(d) = d**2 - 12*d + 13. Give t(o).
2
Let y be (-7)/(-5) + 4/(-10). Let q(n) = 3*n + 2*n + y - 2*n. Suppose l = v + 6, -30*v + 3*l = -35*v + 10. What is q(v)?
-2
Let a(n) be the first derivative of -n**4/4 + 5*n**3/3 + 4*n**2 + 2*n - 27. Determine a(6).
14
Suppose 620 = -53*v + 58*v. Let j = v - 117. Let w(i) = i**2 - 9*i + 10. Determine w(j).
-4
Let r(w) = -2*w + 13. Suppose -4*p = -3*a + 47, 24 = -3*a + 4*a - 3*p. What is r(a)?
-5
Suppose 5*o + 34 = 6*j - 3*j, 22 = 4*j - 2*o. Let i(m) = -2 - 6*m + 11*m - j*m. Give i(-3).
-8
Let k be 0/((-7)/5 - (-24)/(-40)). Let p(g) = 12*g**2 - 13*g**2 + 5*g - 4 + k*g**2. Give p(6).
-10
Let d be ((-4)/7)/((-8)/(-28)) - 2. Let j(c) = c**2 - 4*c - 4. Give j(d).
28
Suppose -8*l = -9*l + 4. Let s(c) = -4 - 3*c + 2*c - l + 6. Determine s(-1).
-1
Let n be -11*(-21)/77 - -3*7/(-3). Let b(m) = 4 - 9 + m - 4*m. Determine b(n).
7
Let s be (5/((-30)/9))/(6/(-8)). Suppose 3*k - y + 1 = 5, -s*k - 3*y = 12. Let v(h) = -h**2 - h - 6. What is v(k)?
-6
Let w(y) = -2*y**2 - 6*y - 2. Let x(l) = 3*l**2 + 6*l + 2. Let o(p) = -4*w(p) - 3*x(p). Suppose 14 - 76 = -2*b. Let v = b + -26. Give o(v).
7
Let a(w) = 31*w**2. Suppose 0 = -3*m - 5*x + 12, m - 2*m = -3*x + 10. What is a(m)?
31
Let f = -357 - -362. Let w(c) be the third derivative of -c**6/120 + c**5/15 + c**4/8 + 2*c**3/3 - c**2. What is w(f)?
-6
Let d(l) = -l - 3 + l + 2*l. Let g = 48 + -28. Suppose -3*t = t - g. Calculate d(t).
7
Let h(a) = -a**2 + 1. Let v = -31 + 30. Let n(c) = 2*c**2 + 7*c + 1. Let p(i) = v*h(i) - n(i). Calculate p(-5).
8
Let x = 11 - 6. Suppose -x*g - 3 = -4*p, g + 7 = -0*p + 4*p. Let b(w) = -p*w**3 - 7 - 6 - w + 13. Determine b(-1).
3
Let u(q) = q - 2. Let i be (-3 + 1)*-1*(-91)/(-26). Give u(i).
5
Let s(x) = x**3 + x + 9. Suppose 3*i - w - 10 = -0*w, 0 = -4*i - 2*w. Suppose 5*p + u - 3*u = 0, -i*u = p. What is s(p)?
9
Let y = -760 + 754. Let t(s) = s**3 + 4*s**2 - 13*s - 10. What is t(y)?
-4
Suppose 2*j - 13 = t - 3, -4*j + 20 = 3*t. Let b(w) = -w**3 + 4*w**2 + 2*w + 10. What is b(j)?
-5
Let n(i) = -i**2 + 6*i. Suppose 16*b = 12*b. Let w be b*1/4 - -6*1. What is n(w)?
0
Let r(x) be the second derivative of -x**3/6 + 3*x**2/2 + x. Let w(i) = 2*i**3 + 4*i**2 + 4*i + 4. Let f be w(-2). Let j = f + 4. Give r(j).
3
Suppose 6*y - y + 75 = 0. Let c(z) = -24*z - 152. Let n be c(-6). Let d = n - y. Let r(v) = v**3 - 8*v**2 + 7*v + 5. Give r(d).
5
Let u = -6413 - -6410. Let f(h) = 2 - 11*h + 0 + 8*h. Determine f(u).
11
Let g(j) = -2*j**2 + 8*j - 10. Let n(m) = m**2 - m + 1. Let w(b) = -g(b) - 3*n(b). What is w(-5)?
7
Let f(t) = -t**3 + 7*t**2 + 4*t + 5. Let p(w) = 3*w + 100. Let s be p(-31). Calculate f(s).
33
Let q(w) = -127*w**2 - w**3 + 3*w + 18 + 115*w**2 + 0*w. Calculate q(-12).
-18
Let g(r) be the first derivative of r**5/60 - r**4/8 + r**3/2 - r**2 - 2. Let x(s) be the second derivative of g(s). Let z = -882 + 884. Calculate x(z).
1
Let h(k) = -3*k - 5. Let x = -98 - -115. Let c = 11 - x. Determine h(c).
13
Let m(f) = -f**2 - 22*f + 18*f - 2 + f + 11. What is m(6)?
-45
Suppose 0*b = 3*v - 4*b - 2, 3*b - 3 = 0. Let j(w) = -w**3 + 3*w**2 - 5*w. Determine j(v).
-6
Let m(t) = -43*t**2 - 5*t - 15. Let a(q) = -79*q**2 - 10*q - 29. Let k(v) = 6*a(v) - 11*m(v). Give k(-7).
-23
Let o(k) = -k + 1. Suppose -4*j = 10*j - 28. Let m(q) = 3*q + 4. Let z be m(j). Determine o(z).
-9
Let u(t) = t**3 - 7*t**2. Suppose -5*b + 0*b = 130. Let j = b - -23. Let q be 5/(5/4) - j. What is u(q)?
0
Let l(w) = w**2 + 7*w - 4. Let r be l(-8). Let v = -13 - -18. Let i(t) = -v*t + 3 + r*t - 2 - 6 - t**2. Calculate i(0).
-5
Let v(p) be the third derivative of p**3 - 8*p**2 - 1/15*p**5 + 0 + 1/12*p**4 - 1/120*p**6 + 0*p. Let c(f) = f + 1. Let u be c(-5). Calculate v(u).
-2
Suppose -360 = -4*k - 32. Suppose 5*h + 2*l = 3*h + k, -l = -1. Suppose 0*w - 4*w - h = 4*r, -5*w = -5*r. Let c(u) = -u**3 - 4*u**2 + 3*u - 2. Calculate c(w).
8
Suppose -6*h - 69 = -7*h. Let u(o) = -67 + h + o + o. Give u(-4).
-6
Let t(n) = n**3 + 6*n**2 - 7*n + 5. Suppose 0 = w - 3*w - 16. Let v(a) = 2*a**2 + 15*a - 15. Let h be v(w). Calculate t(h).
5
Let d be (-320)/55 - 4/22. Let r be 11/3 + (-2)/d. Let f(i) = -4 + 2*i + 3*i - r*i. Give f(-3).
-7
Let i = 2 - 1. Let g(c) = -156*c**2 + 317*c**2 - 160*c**2 + 22*c**3 - 1. Determine g(i).
22
Let o(s) = -s**3 + 10*s**2 + 13*s - 5. Suppose -31 = -4*z + 13. What is o(z)?
17
Let v(s) = 16*s**2 + 2*s - 12*s**2 - 3*s**2 + 0*s**2. What is v(-6)?
24
Let o be (-7 - -6)*6/(-2). Suppose o*v = -5 + 20. Let w(q) = q - 1 - 6*q - 2*q**2 + 3 - v. Give w(-3).
-6
Suppose 9*y = 2*y. Let b be y/2 + (-7 - -7)/7. Let j(f) = f**3 + f**2 - f - 8. Give j(b).
-8
Let t(z) = z**2 + 1. Suppose 65 = 5*y - j, 2*y = -6*j + j + 26. Suppose 12 = -o + y. What is t(o)?
2
Let f(p) = -293*p**2 - 5*p + 294*p**2 + 0*p + 3*p - 4*p + 1. Give f(8).
17
Let k(i) = 0*i - i - 1 - i**2 + 1. Let a(j) = j - 5. Let h(u) = u - 2. Let z(g) = -3*a(g) + 5*h(g). Let l be z(-2). Calculate k(l).
-2
Suppose -128 = -37*u - 27*u. Let q(w) = -w + 11. Calculate q(u).
9
Let r(t) = 7*t - 51. Suppose 4*d + k = 31, 2*k = d + 4*d - 42. Let u be r(d). Let w(s) = s**3 - 4*s**2 - 3*s + 3. What is w(u)?
13
Suppose 92 + 76 = -2*k. Let w be k*(-3)/(-9)*-1. Let y(g) = 8 - w*g + 29*g - 2. Calculate y(-5).
1
Let n(k) be the second derivative of 2*k**4/3 + k**3/6 - 11*k - 2. What is n(-1)?
7
Let c = 11 + -17. Let r(a) = a**2 + 7 + 10*a - 4 - 2*a. Calculate r(c).
-9
Let y(q) = -q**2 - q. Let n(l) = 4*l**2 - 9*l - 8. Let i(t) = n(t) + 3*y(t). Give i(9).
-35
Let x = 10 - 2. Let i be (-3 + x)/((-5)/(-6)). Suppose i*o + 15 = o. Let l(h) = h**3 + h**2 - 4*h. Determine l(o).
-6
Let g(u) = -u - 6 + 5*u - 3*u. Let f = -285 - -294. Let o be g(f). Let s(k) = k + 3. Give s(o).
6
Let q(p) be the first derivative of -p**4/4 - p**3 + 3*p**2/2 - p + 58. Suppose 0 = -2*n + 6 - 14. Determine q(n).
3
Let m(b) = 5*b**2 + 6*b + 6. Let j(k) = 11*k**2 + 13*k + 13. Let o(d) = -6*j(d) + 13*m(d). Suppose 5*h + 5 = 0, 0 = -4*f - f + 4*h - 11. Give o(f).
-9
Let c(k) = -7*k - 1. Let z(x) = -36*x - 3. Let t(o) = -72*o - 7. Let f(w) = -3*t(w) + 5*z(w). Let l(s) = 11*c(s) + 2*f(s). Determine l(-1).
6
Suppose 4*p + 20*p = 168. Let r(o) = -2*o**2 + 16*o - 1. Calculate r(p).
13
Let r(j) = -11*j. Let g(p) be the first derivative of 5/2*p**2 + 0*p - 1. Let o(q) = 13*g(q) 